igit of (-13)/65 - u/(-10)?
1
Suppose 4*y = -2*f - 508, 3*f + 508 = f + y. Let l = -369 - f. Let g = -69 - l. What is the units digit of g?
6
Let d = -582 - -2410. What is the units digit of d?
8
Suppose -4*f - 4*o + 24 = -3*o, 0 = -f + o + 6. Let h(g) = -g**3 + 12 + 5*g**2 + 15 + 8*g - 31 + 6. What is the tens digit of h(f)?
1
Let t be ((-6)/(-9))/((-2)/(-6)). Suppose 13 = t*c - 43. Suppose -2*y + 0*y + c = 0. What is the units digit of y?
4
Let y(m) = m**3 + 8*m**2 - 4*m - 12. Let o be (3 - 1) + (-2 - 5). Let g be y(o). Suppose -u + 6*u - g = -2*x, -u - x + 16 = 0. What is the units digit of u?
7
Suppose -3*k = 2*c - 13, -4*c - 5*k = 1 - 28. Let m be (0 + -8)*(-4)/c. Suppose m*p - 2*p - 28 = 0. What is the units digit of p?
4
Suppose 11 = 5*s - 3*y + 86, 0 = -3*y. Let p be (3 + s)*22/(-3). Let u = -52 + p. What is the tens digit of u?
3
Suppose 3*a = 2*a + t + 636, -2*a + 1269 = -t. What is the tens digit of a?
3
Let q(k) = k**3 + 6*k**2 + 4*k - 2. Let b be q(-5). Suppose -3*u + s = 3*s + 1, -b*u + 5*s + 13 = 0. What is the units digit of 4/u + (-12)/(-4)?
7
Let x = 4 - 1. Let u be (-35)/(-10) - x/2. Suppose u*s = 4*w + 44 + 6, -3*s + 5*w + 77 = 0. What is the tens digit of s?
2
Let g = 74 - 66. What is the tens digit of g/(-14) - 1548/(-14)?
1
What is the tens digit of (-11)/33 + 8443/3 + 4?
1
Let f(k) = k + 10. Let u be f(-7). Suppose -70 = 4*w + w. Let h = u - w. What is the units digit of h?
7
Let s(x) = 104*x + 40. What is the units digit of s(8)?
2
Let g = 651 + 532. What is the tens digit of g?
8
Let x = 26 + -22. Let y(v) = v**3 - 4*v**2 - 2*v - 4. Let s be y(x). Let p(l) = l**2 + 9*l - 16. What is the units digit of p(s)?
0
Suppose 19*j - 88190 = -10252. What is the tens digit of j?
0
Suppose 5*i = 4*z + 3242, 3*i - 3*z - 1947 = -0*i. What is the tens digit of i?
4
Let w = 32 + -30. Suppose w*t + 52 = -0*p + p, 5*p = 4*t + 266. What is the units digit of p?
4
Suppose 5*i - 776 = c, -162 = 3*i + 3*c - 624. What is the tens digit of i?
5
Let m(n) = -n**3 + 11*n**2 + 5. Let l be m(11). Suppose -8 = -l*s + 2. Suppose -32 = -2*u - s*u. What is the units digit of u?
8
Let f = -2717 - -918. What is the hundreds digit of 3/6 - f/14?
1
Suppose -a + 4*c + 6 = 2*c, -4*a + 24 = c. Suppose -727 = -a*u - 61. What is the units digit of u?
1
Let y be 3 + 0/(-1) + 3. Suppose -7*n + y*n = -58. What is the tens digit of n?
5
Let p(a) = -a**3 - 5*a**2 + 4. Let d be p(-5). Suppose 3*s = 20 + d. Let q(k) = -k**3 + 10*k**2 - 8*k - 9. What is the units digit of q(s)?
5
Suppose 3*y - 151 = -4*f, -2*y + 83 = f - 11. Suppose -z - y = -6*z. Suppose -a + 28 = z. What is the units digit of a?
9
Let n = 433 - -762. What is the thousands digit of n?
1
Suppose 62*q = 55*q + 14105. What is the thousands digit of q?
2
Suppose 4 = 8*v - 20. Suppose -v*n = 68 - 464. What is the tens digit of n?
3
Suppose -17*z = -7*z - 1360. Suppose 26*m = 30*m - z. What is the units digit of m?
4
Let b(j) = 5*j**2 + 34*j + 13. Let z(i) = 4*i**2 + 33*i + 12. Let n(r) = 3*b(r) - 4*z(r). What is the units digit of n(-14)?
5
Suppose -k = -3*k + 20. Suppose -k = -2*p - 3*o, 3*p - 3*o = -o + 28. Suppose -p*z = -3*z - 70. What is the units digit of z?
4
Suppose -102 = -5*x - n, 0 = 3*x + 2*n - 4*n - 56. Let d = -22 - -38. What is the units digit of (x - d/(-4))*1?
4
Let k = 6 + -4. Suppose 5*t - 3*b - 1029 = 0, t + k*t + 3*b - 603 = 0. Suppose -2*f - t = -6*f. What is the units digit of f?
1
Let s be (6/(-4))/((-30)/100). Suppose s*l = -25, -3*j = 5*l - 57 - 17. What is the tens digit of j?
3
Let n = 5 - 0. Suppose -n*t + 12*t = 329. What is the tens digit of t?
4
Suppose -17 - 19 = -12*v. Suppose -2*r - 247 = -v*c + 2*r, 61 = c + 4*r. What is the tens digit of c?
7
Let n = -14 + 17. What is the units digit of (20 - -1) + 12/n?
5
What is the units digit of 5/(-3) - 1444/(-6)?
9
Let y be (-4)/14 - 2/(-7). Let m be 62 - 2*(1 - y). Suppose 3*p - u - m = 0, 3*u + 2*u - 42 = -3*p. What is the units digit of p?
9
What is the units digit of 6 + (19 + 1152 - (-2 - -1))?
8
What is the units digit of (-3430)/((-13)/(65/10)) - 4?
1
Let k(h) = -3*h**3 + 26*h**2 + 4*h + 4. Let t(q) = 3*q**3 - 2*q - 3 + q**3 - 3*q**3 + 1 - 13*q**2. Let b(i) = 2*k(i) + 5*t(i). What is the tens digit of b(-13)?
2
Let f = -1130 - -76. Let x be f/(-14) - (-4)/(-14). Suppose -x = -5*o + 2*o. What is the tens digit of o?
2
Let a(f) = -9*f**2 + 5*f - 2. Let q(y) = 8*y**2 - 4*y + 2. Let m(i) = -3*a(i) - 4*q(i). Let b be m(-3). What is the units digit of 2/7 - b/70?
1
Let r = -15 + 18. Suppose 4*z - 560 = -z + 2*u, z + u = 105. Suppose -r*x + 67 = -3*k - 29, 0 = -3*x - 4*k + z. What is the units digit of x?
4
Let r(h) = -82*h - 338. What is the hundreds digit of r(-12)?
6
Let p be (5 + -4)*(1 - -1). Suppose -2*z - 84 = -14*z. Suppose -3*y - 2*y + z = q, 0 = p*y. What is the units digit of q?
7
Suppose j = s + 2, -10 + 26 = 2*j + 4*s. Suppose 2*g - 209 + 203 = 0. What is the tens digit of (g - (-19 - j))/2?
1
Let q(o) = o**3 - 10*o**2 - 13*o + 13. Let t be q(11). Let x = t - -15. What is the units digit of (4/x)/((-2)/(-69))?
3
Let w = -12 + 29. Let d = w + -23. Let s = d + 32. What is the units digit of s?
6
Suppose 0 = -g + 2*f - 3, -g - 2*f - f + 12 = 0. Suppose 3*k + 3*o - 45 = 0, g*o - 21 = k - 2*k. What is the units digit of k?
2
Let o = -426 - -803. What is the hundreds digit of o?
3
Let l(k) = 14*k - 9. Let p(i) = -7*i + 5. Let a(j) = -2*l(j) - 5*p(j). What is the tens digit of a(10)?
6
Let v(u) = -u**2 - 29*u + 8. What is the hundreds digit of v(-16)?
2
Let g = 32 - 32. What is the units digit of (g - 4)*-1 + -3?
1
Let q = -67 + 253. Suppose -5*m = -0*m - 20. Suppose 2*t = 5*x - 178, -3*x + m*t = 2*x - q. What is the tens digit of x?
3
Suppose 10*f - 13*f = -1602. Let l be (1 - 2)/((-6)/f). Suppose -l = 5*t - 294. What is the tens digit of t?
4
Let x be 1 - (-1 + 3)*-2. Suppose 0*i - 10 = -2*i, 0 = x*c + 4*i - 45. Suppose c*v = 208 + 97. What is the tens digit of v?
6
Let o be (-19)/(-1)*((-144)/(-4))/4. Let f = o - 102. What is the units digit of f?
9
Let w(b) = 2*b**2 - 27*b + 14. Let f(i) = -4*i**2 + 55*i - 27. Let o(k) = 6*f(k) + 11*w(k). What is the tens digit of o(13)?
8
Let h = 26 + -22. Suppose h*q - 2 - 2 = 0. Let y = 32 + q. What is the tens digit of y?
3
Let i(q) = q**3 - 30*q**2 - 7*q - 95. What is the units digit of i(32)?
9
Suppose -z + 53 = 4*g + 160, z + 3 = 0. What is the tens digit of 10/(-65) - 1564/g?
6
Suppose -3*b + 2*d + 250 = -0*d, -5*b = -d - 405. Let m = -50 + b. What is the units digit of m?
0
Let r(z) be the second derivative of 0 - 1/3*z**3 - 7*z + 19/2*z**2. What is the units digit of r(-9)?
7
Let r = 2 + 1. Suppose -2*t - 27 = -o, 0 = -t + 2*o - 3 - r. What is the units digit of 5/(10/(-4)) - t?
4
Suppose -4*t + 1597 = -3*d, 6 + 9 = 3*d. What is the hundreds digit of t?
4
Let n = -55 + 35. Let j be ((-36)/5)/(4/n). Suppose 0 = 4*f - 2*f - 2, -2*z = 2*f - j. What is the tens digit of z?
1
Let d = -4700 + 7051. What is the tens digit of d?
5
Let x be (-2080)/28 - (-10)/35. Let j = 103 + x. What is the tens digit of j?
2
Suppose 1 = -2*t + 3*t. Let m be ((-7)/((-28)/(-40)))/t. Let s = m + 15. What is the units digit of s?
5
Let q(f) = -5*f**2 + 8*f + 4. Let y(k) = 4*k**2 - 7*k - 3. Let r(v) = -5*q(v) - 6*y(v). What is the tens digit of r(-6)?
2
Let i = -3433 - -4865. What is the hundreds digit of i?
4
Let a(y) be the second derivative of -7*y**3/3 + y**2 - 3*y. Let x be a(4). What is the tens digit of 5/((-10)/x) - -1?
2
Suppose 69*d - 1184 = 67*d. What is the tens digit of d?
9
Let b(d) = -146*d**2 - 11*d - 3. Let k(m) = -97*m**2 - 7*m - 2. Let z = 27 - 22. Let i(w) = z*b(w) - 8*k(w). What is the units digit of i(-1)?
6
Suppose 2*o - 16 = 6*o. What is the hundreds digit of 19/(114/2412)*(-2)/o?
2
Let u(w) = w**3 + 8*w**2 + 7*w + 3. Let d = 22 + -27. What is the units digit of u(d)?
3
Let i = 238 - -332. What is the hundreds digit of i?
5
What is the tens digit of 576 + 36/(-15) + 22/55?
7
Suppose 2*t = -2*t + j + 10, -4*j + 2 = 5*t. Suppose -4*q = -7*q. Suppose q*s = -t*s + 84. What is the units digit of s?
2
What is the tens digit of 471*2*(-9)/((-270)/20)?
2
Let y(x) = -x**2 - 10*x - 5. Suppose -2*g + k + 3*k - 22 = 0, 0 = -5*k + 5. Let z be y(g). What is the tens digit of z/18 + 160/9?
